{"id":4,"date":"2014-02-12T23:22:03","date_gmt":"2014-02-12T21:22:03","guid":{"rendered":"http:\/\/marc-rietz.de\/?page_id=4"},"modified":"2023-07-19T22:35:35","modified_gmt":"2023-07-19T20:35:35","slug":"start","status":"publish","type":"page","link":"https:\/\/marc-rietz.de\/","title":{"rendered":"Start"},"content":{"rendered":"<h4>Sehr geehrter Besucher,<\/h4>\n<p>ich bin freiberuflicher Diplom-Ingenieur (FH) f\u00fcr Informations- und Elektrotechnik. Seit \u00fcber 15 Jahren automatisiere und visualisiere ich Industrieanlagen und Kleinanlagen in verschiedenen Bereichen sowie Spezialfahrzeugbau:<\/p>\n<ul>\n<li style=\"list-style-type: none;\">\n<ul>\n<li>Heizwerke (Automatisierung und Visualisierung)<\/li>\n<li>Kohlekraftwerke\u00a0(Visualisierung)<\/li>\n<li>Wasserwerke\u00a0(Automatisierung und Visualisierung)<\/li>\n<li>Solarthermie\u00a0(Automatisierung und Visualisierung)<\/li>\n<li>Pyrolyse\u00a0(Automatisierung und Visualisierung)<\/li>\n<li>Logistik\u00a0(Visualisierung)<\/li>\n<li>Lebensmittel\u00a0(Automatisierung und Visualisierung)<\/li>\n<li>Kartonabf\u00fcllung und diverse Dosierungen (Automatisierung und Visualisierung)<\/li>\n<li>Virtuelles Kraftwerk \/ Fernsteuerung Biogasanlage \u00a0(Automatisierung)<\/li>\n<li>Rettungsfahrzeug\u00a0(Visualisierung)<\/li>\n<li>Mobile Fahrtreppen\u00a0(Automatisierung und Visualisierung)<\/li>\n<li>Servicefahrzeuge\u00a0(Automatisierung und Visualisierung)<\/li>\n<li>und vieles mehr &#8230;<\/li>\n<\/ul>\n<\/li>\n<\/ul>\n<p>Bei der Realisierung der Projekte in den Industrieanlagen und Kleinanlagen habe ich mich haupts\u00e4chlich auf die Hardware- und Software-Produkte der Firma Siemens spezialisiert, da Siemens von den meisten Kunden bevorzugt wird.<br \/>\nIm Fahrzeugbau automatisiere ich seit einigen Jahren mit den Produkten der Firma IFM und der Programmierumgebung CODESYS V3.5.<\/p>\n<p>Unter\u00a0&#8222;<a href=\"https:\/\/marc-rietz.de\/?page_id=6\">Dienstleistungen<\/a>&#8220;\u00a0und\u00a0&#8222;<a href=\"https:\/\/marc-rietz.de\/?page_id=8\">Projekte<\/a>&#8220; k\u00f6nnen Sie sich einen kleinen \u00dcberblick verschaffen, was ich meinen Kunden in der Vergangenheit geboten habe und Ihnen in der Zukunft bieten m\u00f6chte.<br \/>\nDie Seite &#8222;<a href=\"https:\/\/marc-rietz.de\/?page_id=10\">Visualisierung<\/a>&#8220; bittet Ihnen u.a. die M\u00f6glichkeit, zwei interaktive Demo-Visualisierungen im Webbrowser zu nutzen.<\/p>\n<p style=\"text-align: left;\">Haben Sie Fragen? Dann k\u00f6nnen Sie mich gerne per Telefon oder E-Mail (s. Seite &#8222;<a title=\"Kontakt\" href=\"https:\/\/marc-rietz.de\/\/?page_id=12\">Kontakt<\/a>&#8222;) erreichen.<\/p>\n","protected":false},"excerpt":{"rendered":"<p>Sehr geehrter Besucher, ich bin freiberuflicher Diplom-Ingenieur (FH) f\u00fcr Informations- und Elektrotechnik. Seit \u00fcber 15 Jahren automatisiere und visualisiere ich Industrieanlagen und Kleinanlagen in verschiedenen Bereichen sowie Spezialfahrzeugbau: Heizwerke (Automatisierung und Visualisierung) Kohlekraftwerke\u00a0(Visualisierung) Wasserwerke\u00a0(Automatisierung und Visualisierung) Solarthermie\u00a0(Automatisierung und Visualisierung) Pyrolyse\u00a0(Automatisierung &hellip;<\/p>\n<p class=\"read-more\"> <a class=\"more-link\" href=\"https:\/\/marc-rietz.de\/\"> <span class=\"screen-reader-text\">Start<\/span> Read More &raquo;<\/a><\/p>\n","protected":false},"author":1,"featured_media":0,"parent":0,"menu_order":0,"comment_status":"closed","ping_status":"closed","template":"full-width-page.php","meta":[],"_links":{"self":[{"href":"https:\/\/marc-rietz.de\/index.php?rest_route=\/wp\/v2\/pages\/4"}],"collection":[{"href":"https:\/\/marc-rietz.de\/index.php?rest_route=\/wp\/v2\/pages"}],"about":[{"href":"https:\/\/marc-rietz.de\/index.php?rest_route=\/wp\/v2\/types\/page"}],"author":[{"embeddable":true,"href":"https:\/\/marc-rietz.de\/index.php?rest_route=\/wp\/v2\/users\/1"}],"replies":[{"embeddable":true,"href":"https:\/\/marc-rietz.de\/index.php?rest_route=%2Fwp%2Fv2%2Fcomments&post=4"}],"version-history":[{"count":20,"href":"https:\/\/marc-rietz.de\/index.php?rest_route=\/wp\/v2\/pages\/4\/revisions"}],"predecessor-version":[{"id":338,"href":"https:\/\/marc-rietz.de\/index.php?rest_route=\/wp\/v2\/pages\/4\/revisions\/338"}],"wp:attachment":[{"href":"https:\/\/marc-rietz.de\/index.php?rest_route=%2Fwp%2Fv2%2Fmedia&parent=4"}],"curies":[{"name":"wp","href":"https:\/\/api.w.org\/{rel}","templated":true}]}}